.
10
Let y be 3 + 3/((-6)/(-10)). Suppose -y = -5*l - 2*n - 44, -3*n = 2*l + 21. Let c be 4/3*(3 - l). What is the greatest common factor of c and 96?
12
Let i be 1*-1*(-4 + 1). Suppose -i*x = 2*x. Let r = 80 + x. What is the greatest common divisor of r and 32?
16
Suppose -445 - 87 = -7*o. Calculate the highest common factor of o and 114.
38
Let i be (-9)/45 - 129/5. Let o = i + 60. What is the highest common divisor of 85 and o?
17
Suppose 2*k - 9 = 7. Calculate the greatest common factor of 1 and k.
1
Suppose 7*d - 2*d = 450. Suppose 0 = -y + 6 + d. Let b be 94/8 + (-2)/(-8). What is the highest common divisor of b and y?
12
Let f be (-1 + 2/6)*9. Let d = f - -6. Suppose 0 = 5*j + 4*g - 12, 0 = -d*j + 4*j - g - 18. Calculate the highest common divisor of 4 and j.
4
Let f(t) = 185*t**2 - 2*t - 3. Let h be f(-1). What is the greatest common divisor of h and 23?
23
Let m = -6 - -9. Suppose -9 = -4*w - 5*q, -2*w + 21 = 3*w + m*q. Let f = 33 - w. What is the greatest common factor of f and 9?
9
Let o(k) = k**3 - 2*k**2 - k + 2. Suppose 0 = -2*s - 1 + 9, 2*s - 2 = 2*z. Let j be o(z). What is the highest common factor of 48 and j?
8
Suppose 0 = 4*q + 6 - 42. Calculate the greatest common divisor of q and 9.
9
Suppose 6*x + 76 = 2*p + 8*x, 3*x = -p + 36. Calculate the highest common divisor of p and 234.
39
Suppose -131 - 109 = -5*k. Let w(d) = -d**3 - d**2 + d + 12. Let m be 2/3 + (-24)/36. Let y be w(m). What is the highest common factor of y and k?
12
Suppose 2*x - 53 = -5*s, -3*x + 2*s + 3*s = -117. Suppose -f - 22 = -73. What is the greatest common factor of f and x?
17
Let x be 9/12 + 1/4. Let r be 272 + -1 + -2 + x. Calculate the greatest common factor of r and 30.
30
Let y be (-3*3/9)/((-2)/60). Calculate the highest common factor of 12 and y.
6
Suppose -2*v + 6 = -0*v. Suppose v*z + 2*z - 15 = 0. Suppose d = z + 2. What is the highest common factor of d and 5?
5
Let i(r) = r**3 + 7*r**2 + 6*r. Let q be i(-6). Suppose 3*u + q = 24. Calculate the highest common divisor of 8 and u.
8
Let w be (-6)/10 + 103/5. Let t = -15 + w. What is the highest common divisor of t and 20?
5
Let y be (-26)/(-10) - 4/(-10). Let v be 144 + -2 + y + -1. Suppose 0 = -4*u + 12 + 60. What is the highest common divisor of v and u?
18
Let y(d) = -d**3 + 9*d**2 + 7*d + 1. Let j be y(5). Calculate the highest common divisor of 17 and j.
17
Suppose 2*j - 2 = 4. Suppose -j*n - 3 + 0 = 0. Let r be 0 + 2 - 2/n. Calculate the greatest common factor of 6 and r.
2
Let b = -12 + 18. Suppose -12 + 2 = -i - 4*f, f - 4 = -i. Suppose -2*y = i*t + 4, -3*y - 10 = -0*t + t. Calculate the greatest common divisor of t and b.
2
Let i = 8 + -2. Let l(k) = k - 4. Let n(q) = 1. Let x(f) = l(f) + 2*n(f). Let z be x(i). What is the highest common divisor of 1 and z?
1
Let q(s) = 4*s**2 - 5*s + 5. Let g be q(2). Suppose -2*j = -121 + 11. What is the highest common factor of j and g?
11
Let m = 111 + -90. Calculate the highest common divisor of 14 and m.
7
Suppose 3 = -t + 4*k + 50, 0 = 3*t + 5*k - 175. Let a = -1 + t. Let g be 18/(-9) - (-10 + -1 + 3). Calculate the greatest common factor of g and a.
6
Suppose -1 = s - 19. Let h(o) = -o**2 - o + 18. Let m be h(0). Calculate the greatest common divisor of s and m.
18
Let j = 141 + -140. What is the highest common divisor of 3 and j?
1
Suppose -y + 5 = 0, t = -0*t - 3*y + 195. What is the highest common divisor of 36 and t?
36
Let q = -6 + 8. Let h(w) = 2*w**3 - 2*w**2 - w - 2. Let p be h(q). Calculate the greatest common factor of 10 and p.
2
Let t(k) = 2*k**2 + k + 4. Let u be t(-2). What is the highest common factor of 10 and u?
10
Let x be (0 - -2)*(0 + -2). Let n be ((-114)/4)/(x/8). Let y = 138 - n. What is the greatest common divisor of 9 and y?
9
Let x(g) = 3*g**2 + 2*g - 5. Let t be x(-4). Let f(y) = y**3 - 9*y**2 - 20*y - 15. Let o be f(11). Calculate the highest common divisor of t and o.
7
Suppose -35*t + 105 = -28*t. What is the highest common factor of 255 and t?
15
Let v be -2 - 1 - -4 - 1. Suppose 2*x - 8 = 2*y - 18, v = 2*y - x - 9. Calculate the greatest common divisor of y and 36.
4
Let r(w) = 3*w - 8 + 2*w**3 + 0*w**2 - 5*w**2 + 5. Suppose 2*n = -3*s, -n - 2*s + 1 - 2 = 0. Let i be r(n). What is the highest common factor of 60 and i?
15
Let k(j) = 2*j**2 - 3*j. Let t be k(2). Suppose -y = -0*y - 35. Let r be y/2 - t/4. What is the highest common factor of r and 85?
17
Suppose 2*q = -4, -3*x = q + q - 29. Suppose 4*v + 16 = 0, 2*v - 304 = -4*i + v. What is the highest common factor of i and x?
11
Let c(u) = u**3 + 6*u**2 + 3*u - 5. Let s be c(-5). Calculate the highest common divisor of s and 2.
1
Suppose -l + 3 = 0, -2*g + 251 = l + 62. Let h be -3*(-2 - 25/3). Calculate the greatest common divisor of g and h.
31
Let q = 17 - 14. Calculate the highest common factor of q and 27.
3
Let p be 1360/52 - (-6)/(-39). What is the highest common factor of 13 and p?
13
Let r = -20 + 32. What is the highest common factor of 4 and r?
4
Suppose 0 = -j + 4*c + 728, 4*j = -0*c + 3*c + 2977. Suppose 3*y - j = -y. Calculate the highest common divisor of 17 and y.
17
Suppose -4*n + 3*g = 309, -2*n = -3*n + 5*g - 90. Let m be n/(((-2)/1)/2). What is the highest common divisor of m and 30?
15
Suppose -3*b + 11 + 4 = 0. Suppose o + b = -4*o - 5*c, 3*o = 3*c + 27. What is the greatest common factor of 44 and o?
4
Let b(i) = i**2 + 5*i + 4. Suppose v + 3*z + 20 = 0, 0 = -2*v + 3*z - z. Let h be b(v). Let r be 2/h - 22/(-4). What is the greatest common divisor of 24 and r?
6
Let o = -38 - -40. What is the highest common factor of o and 3?
1
Let k = 4 - 0. Suppose 0*s = -k*s + 460. Calculate the highest common divisor of s and 46.
23
Suppose 2*y + 5*h = 49, 5*y = 3*h - 39 + 146. What is the highest common divisor of y and 154?
22
Suppose 0*h + 4*h = 16. Suppose 3*w + h*r = 757, r + r + 10 = 0. Suppose -5*j = -w + 49. What is the highest common divisor of j and 6?
6
Let s(i) = -3*i. Suppose 2*c - 5*c = o + 8, -2*c - o = 5. Let y be s(c). Calculate the greatest common divisor of y and 18.
9
Let b = 123 - -212. Suppose 0*x + 237 = x. Suppose -4*f + x = -b. Calculate the greatest common factor of 13 and f.
13
Suppose -10 = j - 90. Let b(s) = -2*s + 2 + s**2 - 3*s + 4*s**2. Let q be b(3). What is the greatest common factor of j and q?
16
Let q(w) = -18*w + 10. Let j be q(-3). Let m = -46 + j. What is the greatest common divisor of 162 and m?
18
Suppose -p = 5*b - 64, 0 = -4*b - 0*b + 5*p + 28. Calculate the greatest common divisor of 4 and b.
4
Let z be 44/6 - (-8)/12. Suppose 2*o + z = 6*o. Let y = 4 - o. What is the greatest common factor of y and 2?
2
Let s(d) = -d - 1. Let t be s(-8). Calculate the highest common divisor of 56 and t.
7
Let s(z) = z**2 - 7*z - 13. Let h be s(9). Suppose a = 3*x + 3, -10 + 1 = -3*a - h*x. What is the highest common factor of a and 3?
3
Suppose 4*c - 7 = -5*y, 2*y + 5*c + 2 + 2 = 0. Let v(l) = 0 - 4*l - 2*l**2 + l**y + 4 - 2*l. Let s be v(4). Calculate the greatest common divisor of 108 and s.
12
Let w be 6 - 6/9*3. Calculate the highest common factor of w and 1.
1
Let q = 1 - 4. Let d = q - -21. Let w = -3 + d. Calculate the greatest common divisor of 120 and w.
15
Suppose 7 = 5*z + 2. Let g(l) = 109*l**3 + l**2. Let x be g(z). Suppose x = 5*d - 3*d. What is the greatest common divisor of d and 11?
11
Suppose 128 = 17*u - 21*u. Let t = -16 - -36. Let l be u/t*5/(-1). Calculate the greatest common factor of l and 24.
8
Let d be -1 + (324/(-48))/((-2)/8). Let t = 103 - 38. What is the greatest common factor of t and d?
13
Let j be -1 + 13 - (1 + -1). Let n(z) = -7*z + 10. Let a be n(-14). Calculate the greatest common divisor of a and j.
12
Let k = -4 - -6. Let c(m) = -4 - 4*m**3 - 4*m**2 + 3*m - 2 + 3*m**3 + k. Let y be c(-5). What is the greatest common factor of 12 and y?
6
Let j(p) = 16*p + 2. Let f(s) = -s**2 + 6*s - 2. Let v be f(5). Let y be j(v). Calculate the greatest common divisor of 10 and y.
10
Let x = -21 + 21. Suppose x = -t + b + 15, -29 - 21 = -2*t - 3*b. What is the highest common divisor of t and 209?
19
Let t(u) = -2*u - 5. Let x be t(-6). Suppose x*f - 12 = 3*f. Suppose -2*s + f*z + z + 166 = 0, -2*s + 157 = -z. Calculate the highest common divisor of 7 and s.
7
Let z(k) = -6*k - 7. Let c be -9*